-49*l/(-2) - 4 a multiple of 10?
False
Let l = 12 - 10. Suppose -l*s - 2*q + 596 = 0, -5*q - 840 = -5*s + 660. Suppose -5*i + s = -4*h, 37 = 4*i + h - 219. Is i a multiple of 14?
False
Let h(c) = -c**3 - 9*c**2 - 8*c + 4. Let w be h(-5). Let b = 119 + w. Is 16 a factor of b?
False
Let n be 1/(-3)*9 - (-3 - 1). Is (n - 211/(-5))*20/4 a multiple of 18?
True
Suppose -3*r - 107 = 2*x - 423, 0 = -4*r - 5*x + 433. Suppose 4*p + 5*a = 91, 8*p - r = 5*p + 3*a. Is 7 a factor of p?
False
Let x(q) = -879*q - 223. Is x(-3) a multiple of 34?
True
Suppose 5*h - 5*q = 13 + 7, h + 8 = -3*q. Let i be (1 - h)/(-4 - -2). Suppose -221 = -5*v + k, -v - v - 4*k + 84 = i. Is v a multiple of 6?
False
Suppose 0 = -0*v + 5*v - 1220. Suppose 5*a - 432 = -3*w, -3*w + w = -3*a + v. Does 6 divide a?
True
Let d(l) = -l**3 - 14*l**2 + 28*l - 19. Does 18 divide d(-18)?
False
Suppose 388 = 2*n - 2*j, -2*j - 3*j - 382 = -2*n. Is 14 a factor of n?
True
Let x(u) = 606*u**2 + 3*u - 4. Let w be x(1). Suppose 0 = -z + 1, 5*z - w = -6*t + 4*t. Is 10 a factor of t?
True
Let f be 8/(-28) + (-9)/(-7). Suppose -2*z + 3 = -5*n - 14, -3*n = -4*z - f. Is ((-52)/(-4))/((-2)/z) a multiple of 7?
False
Suppose -17 = y - 3*y - v, 2*y = 2*v + 14. Suppose 0 = -5*p + y*p. Suppose 2*u - 2*h - 3*h - 58 = p, -2*u + 4*h + 60 = 0. Is u a multiple of 6?
False
Suppose -8*v + 1174 = 6. Let l = -137 + v. Is l a multiple of 2?
False
Suppose 935*s - 952*s + 11849 = 0. Is 6 a factor of s?
False
Suppose 2*d + 22 = -2*x + 4*x, 5*d - 1 = -3*x. Let m = -4 + x. Does 30 divide (-6)/m*-1 - -93?
False
Let f = 218 + -166. Does 3 divide f?
False
Suppose -4*i + 3*y = -2400, 2*i - 1253 = y - 53. Does 25 divide i?
True
Let l(v) = 3*v**3 - 2*v**2 - 2*v + 4. Let j(k) = -k**3 - k**2 - 3. Let s be j(0). Let z be l(s). Let m = 132 + z. Is 9 a factor of m?
False
Let x(g) = -g**3 + 12*g**2 - 4*g + 27. Let d be x(12). Let k(w) = -w**2 - 24*w + 11. Does 29 divide k(d)?
False
Suppose -4*k - 1269 = -2*j - 4265, 2*k - 5*j = 1506. Is 15 a factor of k?
False
Suppose -11*b - 4*h = -12*b + 109, 2*b - 208 = -2*h. Does 15 divide b?
True
Suppose 0 = 4*o + j + 328, 5*j = -o - 0*j - 82. Let b = o - -141. Does 18 divide b?
False
Let n(q) be the first derivative of q**3/3 + 9*q**2/2 - 8*q - 1. Let d be n(-9). Does 23 divide ((-16)/d)/(2/25)?
False
Suppose -15 + 3 = -6*p. Suppose -29 = -3*s - 4*c, -s - c = p*c - 13. Does 3 divide s?
False
Let d(r) = 7 - 22*r**2 + 8*r**2 + 7*r**2 - 4*r + 11*r**2. Is 11 a factor of d(4)?
True
Suppose 24 = 14*k - 11*k. Let c be -6*(-1 + k/6). Does 6 divide (-920)/(-90) - c/(-9)?
False
Suppose 0 = 6*d - 9*d + 351. Let r = d - 38. Is 25 a factor of r?
False
Let s(w) = -w + 49. Is 41 a factor of s(-16)?
False
Let w = 229 + 56. Let l = -175 + w. Is l a multiple of 10?
True
Suppose -828 = -133*d + 131*d. Is 21 a factor of d?
False
Let j(i) = 39*i - 177. Is j(15) a multiple of 24?
True
Let h = 1276 - 827. Suppose 8*z = -h + 65. Is 606/16 + (-6)/z a multiple of 9?
False
Is 6 a factor of 2/(-28) - 289913/(-406)?
True
Suppose 15*g = 23*g - 416. Does 14 divide g?
False
Let n(x) = -x**3 - 11*x**2 + 1. Let v be n(-11). Is (-24)/(-20)*(8 - 3/v) a multiple of 4?
False
Suppose 2*f - 4*n + 1 = -7, -2*f - 3*n = -13. Suppose 5*o + 111 = -y + 2*y, -f*y = -5*o - 247. Suppose 0 = -5*x + y + 64. Does 8 divide x?
True
Let z be (2 + 0 - 3) + 4. Suppose -2*a - 97 = 5*u, -3*a + a = z*u + 87. Is (a/(-7))/(15/70) a multiple of 12?
True
Let k(l) = -3*l + 1. Let p be k(5). Let g = 25 + p. Let y = 16 - g. Does 2 divide y?
False
Let d = 9 + 9. Let s = -16 + d. Does 9 divide (10/(-25))/(s/(-90))?
True
Suppose 3*l - 2*l - 2 = 0. Let j be (32 + 4)*l/4. Is (j/(-15))/((-3)/165) a multiple of 22?
True
Let g = -1 + 3. Let i(b) = -2 + b - b - 4 + 3*b**2 - g*b. Is i(5) a multiple of 12?
False
Let a(q) = 47*q - 445. Is a(23) a multiple of 3?
True
Let x(h) = h**3 + 5*h**2 - 13. Let j be x(-3). Suppose 70 = t - j*a, -3*t - 126 = -5*t + 3*a. Does 20 divide t?
True
Let v be (-3 + 1)*(-15)/2. Let t = v - 12. Suppose 0 = t*q - 21 - 0. Is q a multiple of 6?
False
Is 74 a factor of 1201/3*(-4 - 8)/(-4)?
False
Suppose -5*g + 12 = 7. Let k(c) = 16*c**3 - c**2. Is k(g) a multiple of 3?
True
Let i be (225/(-12))/(3/8). Let w = i - -173. Is w a multiple of 41?
True
Let j = -123 - -146. Suppose -j*h + 123 = -20*h. Is h a multiple of 2?
False
Is 14/(-2) + 5 - -12 a multiple of 10?
True
Let k(q) = 56*q**2 + q - 5. Does 31 divide k(-2)?
True
Suppose -5*w + 2 = -28. Let f be (-8)/(3 - 7) - w. Does 11 divide 70/4 + f/8?
False
Suppose 4*z - 79 = -a + 69, 5*a = -4*z + 756. Let p = 5 + -3. Suppose 6*l - a = p*l. Does 11 divide l?
False
Let n(j) = 2*j + 30. Does 2 divide n(-14)?
True
Let b(w) = 13*w**2 - 5*w - 14. Let d be b(-4). Suppose -2*m + d = -4*k, -k = 5*m + k - 487. Does 15 divide m?
False
Suppose -4*t + 29 - 7 = -3*b, 4*t = 4. Is (-123)/b - (-5)/10 a multiple of 8?
False
Let r = 37 + -34. Suppose -4*j = -r*b - 34, b + 48 = 6*j - j. Is j a multiple of 5?
True
Let t = 293 + -170. Let i = t - 88. Is i a multiple of 6?
False
Let t be (-28)/70*(-1 + -4). Let v(k) = -k**3 - 16. Let l be v(0). Is 8 a factor of (t - 3)*(l + 3)?
False
Let n(a) = -14*a + 6. Let d be n(4). Suppose f + 156 = -2*l, -5*f - 6 = 14. Let w = d - l. Is 13 a factor of w?
True
Suppose 4*g = -3*h - 0*h + 14, 0 = 5*g + 3*h - 19. Suppose 8 = -4*m, 0 = 2*d - d - g*m - 61. Is 12 a factor of d?
False
Suppose -2*b + 398 = 10*z - 5*z, 0 = b + 2*z - 199. Is b a multiple of 4?
False
Let f = 9 + -11. Let n = f + 4. Does 6 divide n - 2 - 1 - -7?
True
Let o(h) = -4*h + 4. Let i be o(0). Suppose s + i*s - 119 = -3*k, 3*k - 3*s = 135. Is k a multiple of 4?
False
Suppose 4*b = -2*j + 32, -3*j + 38 = -0*j + b. Suppose -6*t - j = -60. Is t even?
True
Let z(n) = -n**3 - 12*n**2 - 16*n + 2. Let h be z(-12). Let o(p) = -p**3 + 6*p**2 + 5. Let t be o(6). Suppose -t*u + 41 = -h. Does 14 divide u?
False
Let x(c) = 8*c**2 + 26*c - 30*c**2 - 25 + 3*c**3 - 4*c**3 + 2*c**3. Does 16 divide x(21)?
True
Let m = 294 - -731. Does 36 divide m?
False
Let r(u) = 3*u**2 - 19*u + 5. Let d(g) = 7*g**2 - 39*g + 9. Let f(c) = -4*d(c) + 9*r(c). Does 9 divide f(-9)?
True
Let d(y) = -2*y**3 - 10*y**2 + 6*y + 11. Let n(r) = -5*r**3 - 30*r**2 + 19*r + 32. Let s(t) = -8*d(t) + 3*n(t). Is s(9) a multiple of 4?
True
Suppose -2*j + 3*z = -506, -9*z = -11*z. Is j a multiple of 7?
False
Let w(h) = -h**2 + 4*h - 3. Let m be w(3). Let r(q) = m*q + 5*q - 3 - 4*q + 2. Does 7 divide r(9)?
False
Let l be ((-112)/48)/((-1)/(-3)). Let p(k) = -15*k + 15. Does 30 divide p(l)?
True
Let t = -75 - -209. Suppose t*q = 132*q + 90. Does 4 divide q?
False
Is (-25 + 27)/((-1)/(-217)) a multiple of 14?
True
Suppose -43*z = -3830 - 3910. Is z a multiple of 15?
True
Let b(c) = -c**3 - 8*c**2 + 5*c - 25. Let q(y) = -y**3 - 9*y**2 + 5*y - 24. Let m(r) = 3*b(r) - 4*q(r). Does 27 divide m(-12)?
True
Let u(o) = -o**2 + 16. Let f be u(0). Let n(m) = -m**2 + 20*m + 12. Let a be n(f). Suppose -358 = -4*y - 2*k, -y - 2*k + a = 3*k. Does 19 divide y?
False
Let c(h) be the first derivative of -h**2/2 + 3. Let k(u) = 6*u. Let v(g) = -27*c(g) - 4*k(g). Is 5 a factor of v(3)?
False
Let a(q) = q + 2. Let v be a(2). Suppose 0 = -v*i - 4 + 132. Does 4 divide i?
True
Suppose -o + 311 = -90. Is o a multiple of 12?
False
Suppose a - 6 = -5*q, -4 = -4*a - 2*q + 2. Is (-28)/(-2) + -1 + a + 1 a multiple of 9?
False
Suppose -3*r - 2035 - 472 = -5*s, -5*s = 5*r + 4205. Is 14 a factor of (-1)/(-8) - r/8?
False
Let v be 0 + -1 - (-2 + 5). Let d be (-90)/12*v/6. Is 3/d + 17/5 a multiple of 2?
True
Suppose -7*j + 8*j + 73 = 0. Let m = -13 - j. Does 30 divide m?
True
Suppose 0*z = -0*z - 4*z. Suppose -3*x - 3*p + 345 = z, 2*p - 6 = -16. Is 30 a factor of x?
True
Let c(h) = -h + 8. Let z be c(6). Suppose z*d - 4 = 4*d, -d = 4*x + 14. Is 16 a factor of 0 + (-4 - x) - -33?
True
Suppose 0 = 9*l - l. Suppose -3*g - 3*f - 24 + 87 = l, 2*f = -5*g + 114. Is g a multiple of 6?
True
Let s be (17 + -3)*((-18)/(-1))/3. Is 662/5 - (s/30)/7 a multiple of 33?
True
Let s be 1/2 - (-231)/(-14). Let g(w) = -w - 8. Does 4 divide g(s)?
True
Let i = -13 + 15. Let h be 5 + -4 + 3*83. Suppose i*j = 7*j - h. Does 25 divide j?
True
Let q be (20/(-3))/((-5)/(-15)). Let b = -33 + 34. Is 3 a factor of -3 - (b*q + 0)?
False
Suppose